{"id":5,"date":"2023-08-10T14:20:14","date_gmt":"2023-08-10T12:20:14","guid":{"rendered":"https:\/\/oslofri.no\/?page_id=5"},"modified":"2023-11-17T15:27:00","modified_gmt":"2023-11-17T14:27:00","slug":"forside","status":"publish","type":"page","link":"https:\/\/oslofri.no\/2023\/","title":{"rendered":"Forside"},"content":{"rendered":"<div id=\"cs-content\" class=\"cs-content\"><\/div>\n","protected":false},"excerpt":{"rendered":"<p>10. oktober til 7. november 2023 Gamle Munch, T\u00f8yenDriftsmelding, 20. september kl. 11:04 Menyen\/navigasjonen p\u00e5 nettsiden kan oppf\u00f8re seg litt koko akkurat n\u00e5. Feilretting p\u00e5 gang \u2026ProgramOslo fri viser f\u00f8lgende typer arrangementer:WorkshopBarnUngdomVoksneM\u00f8te \/ sosialtKlikk p\u00e5 programelementet for mer informasjon.10., 17., 18. og 20. oktober Shine, creatures, shine! | Utstilling av Gottfred&#8217;s Forest FantasyUtstillingen \u00e5pner tirsdag 10. oktober kl. 17:00. \u00d8vrige &#8230;<\/p>\n","protected":false},"author":1,"featured_media":0,"parent":0,"menu_order":0,"comment_status":"closed","ping_status":"closed","template":"template-blank-4.php","meta":{"footnotes":""},"class_list":["post-5","page","type-page","status-publish","hentry","no-post-thumbnail"],"_links":{"self":[{"href":"https:\/\/oslofri.no\/2023\/wp-json\/wp\/v2\/pages\/5","targetHints":{"allow":["GET"]}}],"collection":[{"href":"https:\/\/oslofri.no\/2023\/wp-json\/wp\/v2\/pages"}],"about":[{"href":"https:\/\/oslofri.no\/2023\/wp-json\/wp\/v2\/types\/page"}],"author":[{"embeddable":true,"href":"https:\/\/oslofri.no\/2023\/wp-json\/wp\/v2\/users\/1"}],"replies":[{"embeddable":true,"href":"https:\/\/oslofri.no\/2023\/wp-json\/wp\/v2\/comments?post=5"}],"version-history":[{"count":150,"href":"https:\/\/oslofri.no\/2023\/wp-json\/wp\/v2\/pages\/5\/revisions"}],"predecessor-version":[{"id":311,"href":"https:\/\/oslofri.no\/2023\/wp-json\/wp\/v2\/pages\/5\/revisions\/311"}],"wp:attachment":[{"href":"https:\/\/oslofri.no\/2023\/wp-json\/wp\/v2\/media?parent=5"}],"curies":[{"name":"wp","href":"https:\/\/api.w.org\/{rel}","templated":true}]}}